mainder when 1925 is divided by 13 - 6*423/(-27)?
106
Suppose -4*r = r - 2*d - 191, 0 = 5*r - 5*d - 200. Let l(a) = 60*a + 5534. What is the remainder when r is divided by l(-92)?
9
What is the remainder when (21/(-2))/(2220/1128 + -15 + 13) is divided by 38?
25
Suppose -3*b = -10 - 2. Suppose b*a - 46 = -30. Suppose 3*x + a*s - 144 = -x, 5*x - 5*s - 230 = 0. What is the remainder when x is divided by 4?
1
Suppose 0*g = -4*g + 4*w + 308, 154 = 2*g + 3*w. Let y(c) = -c**2 - 15*c + 2. Let r be y(-14). Calculate the remainder when g is divided by r/(-36) - 552/(-27).
17
Suppose 69*v + 27*v - 84165 = -59*v. Calculate the remainder when 1087 is divided by v.
1
Let p = -108 - -101. What is the remainder when p - -4 - (4 + -198) is divided by 48?
47
Let m = 333 + -201. Let a = m - 63. What is the remainder when 130 is divided by a?
61
Suppose -28 = -4*q - 2*c, -2*c + 36 = 3*q + 14. What is the remainder when 207 is divided by (3 + 12)/((-21)/q - -4)?
27
Let n(j) = -42*j**2. Let b be n(1). Let i = b + 44. Suppose 4*t - 26 = -2*z + i, 36 = 2*z - 4*t. What is the remainder when 77 is divided by z?
13
Suppose 215 = 15*a - 35 + 10. Calculate the remainder when 9245 is divided by a.
13
Let c = -11939 + 12109. What is the remainder when 4597 is divided by c?
7
Let k = 2 + 3. Let l(y) = -14*y**3 + 13*y**2 - 12*y + 6. Let f(a) = -a**2 + a - 1. Let i(j) = -6*f(j) - l(j). Calculate the remainder when i(1) is divided by k.
3
Let b(s) = 4*s**2 - 14*s + 4. Let q be b(2). Calculate the remainder when ((-210)/12)/(0 + 4/q) is divided by 17.
1
Let s be (-48902)/(-56) - (-1)/(-4). Suppose 4*p + 4*i - 778 = 386, -3*p + s = 4*i. Calculate the remainder when p is divided by 21.
18
Let h(c) = 28*c**2 - 4*c - 3. Let n be h(-2). Suppose -2 = g, -4*z + 2*g + n = 41. Calculate the remainder when 50 is divided by z.
14
Let g(k) = -916*k - 38. What is the remainder when 2637 is divided by g(-1)?
3
Suppose -2*r - 10*r = -900. Let z = -147 + 166. Calculate the remainder when r is divided by z.
18
What is the remainder when 1141 is divided by 1419/(-516) - (-455)/4?
31
Let x(p) = 7*p**3 + 8*p**2 - 4*p - 18. Let n(u) = -6*u**3 - 7*u**2 + 3*u + 16. Let r(l) = 6*n(l) + 5*x(l). What is the remainder when 186 is divided by r(-3)?
18
Suppose 3 = j, 4*o = -3*j - 0*j + 169. Suppose -y = -5*n - 46, -37 = 5*y - 5*n - 187. Calculate the remainder when (-5)/(o/148)*(-4 + 0) is divided by y.
22
Suppose -4*j + 18 = a - 2, 5 = j + 3*a. Suppose -j*t + 306 = -209. Let k = t - 81. What is the remainder when k is divided by 6?
4
Let y be (6 - 1) + -1 + 18. Suppose -y*z + 70 = -15*z. Let o = 105 + -56. What is the remainder when o is divided by z?
9
Let s(g) = -4*g**3 - 1. Let r be s(-1). Suppose 0*j + 4*d + 32 = 3*j, -r*d = 6. Calculate the remainder when 134 is divided by j.
6
Let g be 6/(-42) + 2652/42. Suppose -21*d = -12*d - g. What is the remainder when 67 is divided by d?
4
Let t be (-3)/(3/10)*(-28)/2. Let r = -83 + t. What is the remainder when 170 is divided by r?
56
Suppose 2*d = 8*d + 7872. Calculate the remainder when 91 is divided by (-4)/10 - (d/(-20))/(-4).
11
Let g(n) = -3*n**3 - n**2 + 7*n + 11. Let b(a) = a**3 - 1. Let y(v) = -2*b(v) - g(v). Calculate the remainder when y(7) is divided by 56.
54
Let k = 3558 + -3486. What is the remainder when 91 is divided by k?
19
Let a(y) = 4*y**2 - 122*y - 151. Let d(c) = 2*c**2 - 61*c - 75. Let r(i) = 4*a(i) - 9*d(i). What is the remainder when r(31) is divided by 18?
4
What is the remainder when 1736/(-248) - (-2 - -1000)/(-1) is divided by 35?
11
Calculate the remainder when (0 - -2)*(17 + -21) + 516 is divided by 171.
166
Let q = 5381 - 4566. What is the remainder when q is divided by 141?
110
Let o = 19 - 12. Let q(t) = -91*t + 12. Let w be q(-3). Let y = w - 251. Calculate the remainder when y is divided by o.
6
What is the remainder when 76 is divided by 1*((-15)/(-9))/((-3)/(-45))?
1
Calculate the remainder when ((-8200)/(-400))/(-2 - 18/(-8)) is divided by 5.
2
Suppose 64 = 3*s - 11. Suppose 3*h - 3*w = w + 652, 0 = 2*h + 3*w - 429. Suppose 3*y - 81 = h. Calculate the remainder when y is divided by s.
24
Let b(f) = 2*f**2 - 2*f - 3. Suppose 5383 = 102*a - 12*a - 2357. Calculate the remainder when a is divided by b(7).
5
Let g be (-8)/16*8 - -140. Suppose -9*u + g = -u. Calculate the remainder when u is divided by 7.
3
What is the remainder when 589 is divided by 43 + 4/((-40)/50)?
19
Suppose -4*s - 2*s + 12 = 0. Let x be 3*-2 - (6 - s). Let h = x - -21. Calculate the remainder when h is divided by 6.
5
Let z(b) = b**2 - 24*b + 72. Let q be z(28). Suppose -5*g - 476 = -4*d, 2*d = -4*g + q + 54. What is the remainder when d is divided by 12?
11
Suppose -10*n = 3*n - 9*n - 76. Suppose -5*s = y + 685 - 142, 5*s - 5*y + 555 = 0. Let h = -17 - s. What is the remainder when h is divided by n?
16
Suppose -5*i + 272*m - 269*m = -26, -3*m = -i + 10. What is the remainder when 306 is divided by i?
2
Let b = -3820 + 3861. Calculate the remainder when 777 is divided by b.
39
Suppose 0*s + 31*s - 1364 = 0. Let p(b) = b**2 - 4*b + 7. What is the remainder when s is divided by p(5)?
8
Suppose 15*a = 30*a - 90. Let i(s) = 4*s**2 + 10*s - 54. Suppose -h - 3*m = -41, -m + 21 = h - 18. What is the remainder when i(a) is divided by h?
36
Let y = 243 - 178. Let a = y - -57. What is the remainder when a is divided by 31?
29
Let g = 137 + -99. Let k = g + -36. Suppose -t = k*o - 131, -2*o + 71 = 4*t - 57. Calculate the remainder when o is divided by 23.
20
Let m = -1 + 6. Suppose 35 + m = 2*f. Suppose -2*k + 6 = -f. Calculate the remainder when 74 is divided by k.
9
Suppose -u = -3*t + 11, 0 = -2*t + 3*t - 5*u + 15. Let q = t + -21. Let i = 19 + q. Calculate the remainder when 11 is divided by i.
2
Let n = 6377 - 6374. Calculate the remainder when 663 is divided by n.
0
Suppose 5*z + 2*m = 31, 32 = 2*z - 132*m + 130*m. Calculate the remainder when 220 is divided by z.
4
Suppose 3*t - 38 = -p - 2*t, 3*t - 46 = -p. Suppose p = 3*r - 44. What is the remainder when r is divided by 7?
6
Let c = 189 - 74. Suppose -w = 4*w - c. Calculate the remainder when w is divided by ((-95)/(-20) - 4)*12.
5
Let n(i) = i**3 + 3*i**2 - 7*i + 4. Let o be n(-6). Let j = o + 63. What is the remainder when (-2)/4*j*(0 + -140) is divided by 24?
22
Let f = 100 - 60. Suppose -5*y - 4*s = -113 + 15, 5*y + 2*s - 84 = 0. Calculate the remainder when f is divided by y.
12
Let d(f) = 26*f**3 + 2*f**2 + 3*f + 1. Let k be d(-1). Let l = k - -120. Let h = -63 + l. What is the remainder when h is divided by 17?
14
Suppose -174*l - 18931 + 286543 = 0. Calculate the remainder when l is divided by 22.
20
Suppose -3*d - 3 = 0, 5*n + 104 = 261*d - 260*d. Let v be (1 - 1) + (-35 - -1). Let t = n - v. What is the remainder when 35 is divided by t?
9
Suppose -235 = -5*d + 13*a - 9*a, 0 = -3*a. Suppose -12*n - 11 = -d. Calculate the remainder when 21 is divided by n.
0
Let a(s) = s**3 + 8*s**2 + 5*s - 7. Let h = 20 + -27. Let f(u) = -u**2 - 14*u + 26. Calculate the remainder when f(-13) is divided by a(h).
4
Let m = -6709 - -9407. What is the remainder when m is divided by 15?
13
Let g(m) = 12*m - 142. What is the remainder when (57/(-9))/(1/(-6)) is divided by g(12)?
0
Let n(l) = -l**2 - 9*l + 263. Calculate the remainder when 217 is divided by n(12).
8
Let s(d) = d**3 - 16*d**2 + 3*d - 30. Calculate the remainder when 251 is divided by s(16).
17
Suppose 4*m + 15 = 5*l + 47, 2*l - 8 = 0. Suppose -2*t = 5*c - 498, -5*c + 3*t + 611 = 108. What is the remainder when c is divided by m?
9
Suppose 0 = -4*k + 12, 5*h + 2*k - k - 408 = 0. Let p = h + -42. What is the remainder when 77 is divided by p?
38
Let t = -1621 - -1645. What is the remainder when 332 is divided by t?
20
What is the remainder when 1512 is divided by (-699)/(-2796) + (-942)/(-8)?
96
What is the remainder when 33/(1 - 0) + -3 is divided by ((-28)/20)/((-8)/40)?
2
Let j = 221 + -223. Let u = 18 + 1. Calculate the remainder when u is divided by (j + (3 - 2))/((-2)/14).
5
Let z = -467 - -314. Let f be -1*(-2)/(-5) - z/45. Suppose -83 = -2*t + f. Calculate the remainder when 214 is divided by t.
42
Let j(z) = 3*z**3 + 16*z**2 + 4*z - 2. Let t be j(-5). Suppose 5*m + 0*m = -t*s + 296, -4*s = -8. Calculate the remainder when m is divided by 